4808?
4936
Calculate the highest common factor of 14601 and 190867.
31
Calculate the greatest common factor of 4870690 and 130.
10
What is the greatest common divisor of 238305029 and 155?
31
What is the greatest common factor of 227 and 831675109?
227
What is the greatest common divisor of 5868638 and 68?
34
What is the highest common factor of 35542172 and 34?
34
Calculate the highest common factor of 1000 and 914740.
20
What is the highest common divisor of 276 and 5150298?
138
What is the greatest common divisor of 72 and 6462480?
24
Calculate the highest common factor of 264 and 876969258.
66
Calculate the greatest common divisor of 21255027 and 11367.
1263
Calculate the highest common factor of 5840 and 25640.
40
What is the greatest common divisor of 3 and 13060563?
3
What is the highest common factor of 33468287 and 137680?
1721
What is the greatest common factor of 7920 and 711700?
220
Calculate the greatest common factor of 374 and 1911548.
34
What is the highest common divisor of 64 and 320879064?
8
What is the greatest common divisor of 20 and 230125?
5
What is the highest common divisor of 504 and 6593160?
168
Calculate the greatest common divisor of 331240 and 1995383.
169
What is the greatest common factor of 1176 and 151818072?
1176
Calculate the greatest common factor of 120 and 131862760.
40
Calculate the greatest common factor of 990 and 99902385.
495
Calculate the greatest common divisor of 9856 and 6438432.
2464
Calculate the greatest common factor of 21685248 and 1573.
13
What is the greatest common divisor of 766754 and 55577?
149
What is the greatest common factor of 402076776 and 48?
24
What is the greatest common factor of 27805461 and 12567?
177
Calculate the highest common factor of 56430119 and 60056.
7507
What is the greatest common divisor of 390630 and 20445?
435
What is the greatest common divisor of 273267202 and 89?
89
What is the highest common factor of 1764 and 955836?
252
Calculate the greatest common factor of 917276 and 43000.
172
What is the greatest common divisor of 704373285 and 1617?
1617
Calculate the highest common divisor of 116863 and 16833353.
5081
Calculate the highest common divisor of 10818430 and 296.
74
Calculate the greatest common factor of 598844120 and 626.
626
What is the greatest common divisor of 50766315 and 795?
795
What is the greatest common divisor of 34568448 and 48?
48
What is the highest common divisor of 30578054 and 52?
26
What is the highest common factor of 10071729 and 16925?
677
What is the greatest common divisor of 2946 and 85256749?
491
Calculate the greatest common factor of 761326 and 9749756.
3986
Calculate the highest common factor of 8293058 and 695764.
11222
Calculate the highest common factor of 1213335 and 173460.
885
Calculate the highest common factor of 4 and 1971982.
2
What is the greatest common divisor of 26367318 and 218?
218
What is the greatest common divisor of 3374944 and 496?
16
What is the highest common divisor of 1452 and 924096?
12
What is the highest common divisor of 357284616 and 48?
24
Calculate the greatest common factor of 2278 and 86852167.
1139
What is the greatest common factor of 114 and 20643158?
38
Calculate the highest common divisor of 15 and 71952090.
15
What is the greatest common factor of 2688 and 9740640?
672
Calculate the highest common divisor of 43188 and 2797338.
366
Calculate the highest common divisor of 835 and 4360385.
5
Calculate the highest common factor of 2924 and 416500.
68
What is the greatest common divisor of 29863920 and 960?
240
Calculate the highest common factor of 2392 and 1330576.
104
Calculate the greatest common divisor of 100804 and 12324.
316
What is the highest common factor of 444256 and 21328?
16
Calculate the greatest common divisor of 8495315 and 155.
5
Calculate the greatest common divisor of 62470614 and 230112.
4794
Calculate the greatest common divisor of 32990050 and 18400.
1150
What is the greatest common divisor of 506813961 and 1387?
1387
What is the greatest common factor of 6 and 447817932?
6
What is the highest common divisor of 350818 and 10291554?
2678
What is the greatest common divisor of 3849288 and 48?
24
What is the greatest common factor of 25160319 and 954?
477
What is the greatest common factor of 390 and 1067196?
78
Calculate the greatest common divisor of 6951176 and 328.
8
Calculate the highest common factor of 14 and 344117354.
14
What is the greatest common divisor of 10571 and 2173358?
11
Calculate the greatest common factor of 9792 and 183132.
36
Calculate the highest common factor of 66 and 7306618.
22
Calculate the highest common divisor of 115988910 and 60.
30
What is the greatest common divisor of 1591 and 11951333?
37
What is the greatest common factor of 1976 and 8069243?
247
Calculate the highest common divisor of 5255241 and 430677.
1227
Calculate the greatest common factor of 14000 and 1095.
5
What is the highest common factor of 4820847 and 657?
219
What is the greatest common factor of 4396744 and 92004?
748
Calculate the greatest common divisor of 101497 and 12001.
11
Calculate the greatest common divisor of 301625170 and 385.
385
Calculate the highest common factor of 11479390 and 38590.
2270
What is the highest common factor of 5 and 82399334?
1
What is the highest common divisor of 17037447 and 147?
147
Calculate the greatest common divisor of 3978784 and 160.
32
Calculate the greatest common factor of 67424236 and 1078.
22
What is the greatest common factor of 399454008 and 3539?
3539
What is the greatest common divisor of 165 and 12527430?
15
What is the greatest common divisor of 24 and 142817748?
12
Calculate the highest common divisor of 11284 and 20608.
28
Calculate the highest common factor of 2945490 and 2585.
235
What is the greatest common divisor of 40320 and 640128?
384
What is the greatest common factor of 2025 and 300204225?
2025
What is the highest common divisor of 20 and 1363870?
10
Calculate the greatest common factor of 2080 and 404066.
26
What is the greatest common divisor of 6726428 and 2794?
254
Calculate the highest common divisor of 9620 and 121363996.
1924
Calculate the greatest common divisor of 7002139 and 4773.
37
Calculate the greatest common factor of 12 and 95303508.
12
Calculate the greatest common factor of 50047548 and 712.
356
Calculate the highest common divisor of 368 and 82018.
46
Calculate the greatest common divisor of 2325 and 8028039.
93
Calculate the highest common factor of 1921 and 23109630.
1921
Calculate the greatest common factor of 264 and 459756.
132
What is the highest common divisor of 1161 and 22421834?
43
What is the highest common divisor of 2251405 and 1805?
95
What is the highest common factor of 2617 and 1118272887?
2617
Calculate the greatest common divisor of 7370 and 27899470.
670
What is the greatest common factor of 5176 and 5912?
8
What is the highest common divisor of 1379 and 112283696?
1379
What is the highest common factor of 13148557 and 155?
31
What is the greatest common factor of 42140 and 1127890?
430
What is the highest common divisor of 55437571 and 98?
49
What is the highest common divisor of 202508656 and 4746?
1582
What is the highest common factor of 900473 and 459?
17
Calculate the highest common factor of 416 and 36752.
16
Calculate the highest common divisor of 132 and 33862400.
44
What is the greatest common divisor of 5546 and 244101644?
5546
What is the highest common divisor of 15330 and 2082252?
438
Calculate the greatest common factor of 694382455 and 482.
241
What is the highest common divisor of 114 and 11002577?
19
Calculate the greatest common factor of 378 and 186954.
6
What is the greatest common divisor of 4611849867 and 333?
333
What is the highest common divisor of 269 and 364965212?
269
What is the greatest common factor of 641450 and 1050?
50
What is the highest common divisor of 66194 and 2535518?
2878
Calculate the highest common divisor of 26473 and 23299.
23
What is the greatest common factor of 1150 and 28776565?
115
Calculate the highest common divisor of 1518250 and 53250.
250
Calculate the greatest common factor of 113085090 and 20.
10
What is the greatest common factor of 4223536 and 423152?
7984
What is the greatest common divisor of 377